{"id":18,"date":"2016-04-21T17:26:46","date_gmt":"2016-04-21T16:26:46","guid":{"rendered":"http:\/\/dkollektiv.organicdesignlabs.comanicdesignlabs.com\/?page_id=18"},"modified":"2016-05-10T10:10:00","modified_gmt":"2016-05-10T09:10:00","slug":"soirees-evenements","status":"publish","type":"page","link":"https:\/\/dkollektiv.org\/dkollage\/soirees-evenements\/","title":{"rendered":"Soir\u00e9es \u00e9v\u00e9nements"},"content":{"rendered":"<div class=\"one_half\">\n<h2>[Soir\u00e9e<br \/>\nd\u2018inauguration]<\/h2>\n<img loading=\"lazy\" decoding=\"async\" class=\"aligncenter size-full wp-image-206\" src=\"http:\/\/dkollektiv.organicdesignlabs.com\/wp-content\/uploads\/2016\/04\/soire_d_in.png\" alt=\"soire_d_in\" width=\"815\" height=\"315\" srcset=\"https:\/\/dkollektiv.org\/wp-content\/uploads\/2016\/04\/soire_d_in.png 815w, https:\/\/dkollektiv.org\/wp-content\/uploads\/2016\/04\/soire_d_in-300x116.png 300w, https:\/\/dkollektiv.org\/wp-content\/uploads\/2016\/04\/soire_d_in-768x297.png 768w\" sizes=\"auto, (max-width: 815px) 100vw, 815px\" \/>\n<h4>lundi 30 mai \u00e0 19h au CDMH<br \/>\n20h vers le site des Atelier des locomotives<br \/>\nVernissage de l\u2019exposition \u00ab\u00a0M\u00e9moire vive\u00a0\u00bb<\/h4>\n<h4><a href=\"http:\/\/dkollektiv.organicdesignlabs.com\/index.php\/informations-pratiques\/\">[2] CDMH<\/a><\/h4>\n<p>Visite performative autour de l\u2019ancien Atelier des locomotives sur le site du laminoir \u00e0 partir du CDMH \u00e0 20h.<\/p>\n<h4><a href=\"http:\/\/dkollektiv.organicdesignlabs.com\/index.php\/informations-pratiques\/\">[1] Atelier des locomotives sur le site du laminoir<\/a><\/h4>\n<p>Soir\u00e9e chaleureuse avec musique et grillade.<br \/>\nD\u00e9couvertes des premi\u00e8res cr\u00e9ations artistiques<\/p>\n<h2>[Soir\u00e9e performance vid\u00e9o]<\/h2>\n<img loading=\"lazy\" decoding=\"async\" src=\"http:\/\/dkollektiv.organicdesignlabs.com\/wp-content\/uploads\/2016\/04\/soiree_video.png\" alt=\"soiree_video\" width=\"815\" height=\"315\" class=\"aligncenter size-full wp-image-211\" srcset=\"https:\/\/dkollektiv.org\/wp-content\/uploads\/2016\/04\/soiree_video.png 815w, https:\/\/dkollektiv.org\/wp-content\/uploads\/2016\/04\/soiree_video-300x116.png 300w, https:\/\/dkollektiv.org\/wp-content\/uploads\/2016\/04\/soiree_video-768x297.png 768w\" sizes=\"auto, (max-width: 815px) 100vw, 815px\" \/>\n<h4>vendredi 17 juin \u00e0 19h<\/h4>\n<h4><a href=\"http:\/\/dkollektiv.organicdesignlabs.com\/index.php\/informations-pratiques\/\">[1] Atelier des locomotives sur le site du laminoir<\/a><\/h4>\n<p>Performance o\u00f9 vid\u00e9os, danse et mots se m\u00e9langent pour raconter une histoire \u00e9trange entre r\u00e9alit\u00e9 et fiction. (avec des images d\u2019archives du CNA)<\/p>\n<p><strong>Sneja Dobrosavljevic<br \/>\nNora Wagner<br \/>\nKristine Brinina<\/strong><\/p>\n<p>Installation vid\u00e9o o\u00f9 se croisent pass\u00e9, pr\u00e9sent et avenir.<\/p>\n<p><\/p><\/div><div class=\"one_half_last\">\n<h2>[Soir\u00e9e de son et de bruitage industriel \/ R\u00e9sidence bruitage]<\/h2>\n<img loading=\"lazy\" decoding=\"async\" src=\"http:\/\/dkollektiv.organicdesignlabs.com\/wp-content\/uploads\/2016\/04\/soiree_bruit.png\" alt=\"soiree_bruit\" width=\"815\" height=\"315\" class=\"aligncenter size-full wp-image-208\" srcset=\"https:\/\/dkollektiv.org\/wp-content\/uploads\/2016\/04\/soiree_bruit.png 815w, https:\/\/dkollektiv.org\/wp-content\/uploads\/2016\/04\/soiree_bruit-300x116.png 300w, https:\/\/dkollektiv.org\/wp-content\/uploads\/2016\/04\/soiree_bruit-768x297.png 768w\" sizes=\"auto, (max-width: 815px) 100vw, 815px\" \/>\n<h4>vendredi 24 juin \u00e0 19h<\/h4>\n<h4><a href=\"http:\/\/dkollektiv.organicdesignlabs.com\/index.php\/informations-pratiques\/\">[3] opderschmelz<\/a>, grand auditoire<\/h4>\n<p>R\u00e9alis\u00e9es lors d\u2019une r\u00e9sidence de bruitage en collaboration avec le centre culturel r\u00e9gional opderschmelz.<\/p>\n<p><strong>Romain Simian<br \/>\nBertrand Dufau<br \/>\nAntony Lille<br \/>\nMisch Feinen<\/strong><\/p>\n<p>Travail de son et de bruitage industriel in situ constitu\u00e9 d\u2019enregistrements sur le terrain et d\u2019objets sonores construits sur place. Les r\u00e9alisations seront pr\u00e9sent\u00e9es au grand auditoire du centre culturel r\u00e9gional Dudelange opderschmelz.<\/p>\n<h2>[Soir\u00e9e de cl\u00f4ture]<\/h2>\n<img loading=\"lazy\" decoding=\"async\" src=\"http:\/\/dkollektiv.organicdesignlabs.com\/wp-content\/uploads\/2016\/04\/soiree_cloture.png\" alt=\"soiree_cloture\" width=\"815\" height=\"315\" class=\"aligncenter size-full wp-image-210\" srcset=\"https:\/\/dkollektiv.org\/wp-content\/uploads\/2016\/04\/soiree_cloture.png 815w, https:\/\/dkollektiv.org\/wp-content\/uploads\/2016\/04\/soiree_cloture-300x116.png 300w, https:\/\/dkollektiv.org\/wp-content\/uploads\/2016\/04\/soiree_cloture-768x297.png 768w\" sizes=\"auto, (max-width: 815px) 100vw, 815px\" \/>\n<h4>samedi 2 juillet \u00e0 partir de 17h sur le site du laminoir<\/h4>\n<h4><a href=\"http:\/\/dkollektiv.organicdesignlabs.com\/index.php\/informations-pratiques\/\">[1] Atelier des locomotives sur le site du laminoir<\/a><\/h4>\n<p>Exposition des \u0153uvres re\u0301alise\u0301es tout au long du projet et rencontre avec les artistes. Rejoignez-nous pour f\u00eater la fin de l\u2019Atelier D.<\/p>\n<h4>Visites guid\u00e9es de l\u2019exposition 17h30 \/ 18h30 \/ 19h30<br \/>\nBuffet \/ Pique-nique \u00e0 partir de 17h<br \/>\nOpen Screen \u00e0 20h30<\/h4>\n<p>Vous faites des films ou avez des archives li\u00e9es au th\u00e8me du festival de la culture industrielle et de l\u2019innovation, que vous aimeriez partager\u00a0? Contactez<br \/>\ninfo@openscreen.lu &#8211; d\u00e9lai vendredi 24 juin.<br \/>\nMusique\u00a0: Brigade d\u2019Intervention Musicale<\/p>\n<p><\/p><\/div><\/p>\n","protected":false},"excerpt":{"rendered":"","protected":false},"author":2,"featured_media":0,"parent":0,"menu_order":0,"comment_status":"closed","ping_status":"closed","template":"templates\/fullwidth.php","meta":{"footnotes":""},"class_list":["post-18","page","type-page","status-publish","hentry"],"_links":{"self":[{"href":"https:\/\/dkollektiv.org\/dkollage\/wp-json\/wp\/v2\/pages\/18","targetHints":{"allow":["GET"]}}],"collection":[{"href":"https:\/\/dkollektiv.org\/dkollage\/wp-json\/wp\/v2\/pages"}],"about":[{"href":"https:\/\/dkollektiv.org\/dkollage\/wp-json\/wp\/v2\/types\/page"}],"author":[{"embeddable":true,"href":"https:\/\/dkollektiv.org\/dkollage\/wp-json\/wp\/v2\/users\/2"}],"replies":[{"embeddable":true,"href":"https:\/\/dkollektiv.org\/dkollage\/wp-json\/wp\/v2\/comments?post=18"}],"version-history":[{"count":17,"href":"https:\/\/dkollektiv.org\/dkollage\/wp-json\/wp\/v2\/pages\/18\/revisions"}],"predecessor-version":[{"id":212,"href":"https:\/\/dkollektiv.org\/dkollage\/wp-json\/wp\/v2\/pages\/18\/revisions\/212"}],"wp:attachment":[{"href":"https:\/\/dkollektiv.org\/dkollage\/wp-json\/wp\/v2\/media?parent=18"}],"curies":[{"name":"wp","href":"https:\/\/api.w.org\/{rel}","templated":true}]}}