{"id":1838,"date":"2021-10-18T22:24:31","date_gmt":"2021-10-18T20:24:31","guid":{"rendered":"https:\/\/dkollektiv.org\/?page_id=1838"},"modified":"2022-01-11T20:34:39","modified_gmt":"2022-01-11T19:34:39","slug":"couture","status":"publish","type":"page","link":"https:\/\/dkollektiv.org\/dkollage\/couture\/","title":{"rendered":"Cout\u00fbre"},"content":{"rendered":"\n<p>Caroline Koener, couturi\u00e8re et&nbsp;costumi\u00e8re de films,&nbsp;propose diff\u00e9rents projets de couture, adapt\u00e9 \u00e0&nbsp;tous&nbsp;les niveaux.<\/p>\n\n\n\n<p>Bas\u00e9 essentiellement sur l\u2019id\u00e9e de r\u00e9cup\u00e9ration et de restauration\u00a0d\u2019anciens tissus, bleus de travail, voiles, etc. vous pouvez venir apprendre les bases\u00a0de la\u00a0\u00a0couture\u00a0ou venir am\u00e9liorer vos talents en fonction de vos envies et capacit\u00e9s.<\/p>\n\n\n\n<hr class=\"wp-block-separator has-text-color has-background has-black-background-color has-black-color is-style-default\"\/>\n\n\n\n<p><em>Niveaux d\u00e9butants:<\/em><\/p>\n\n\n\n<div class=\"wp-block-media-text alignwide is-stacked-on-mobile\"><figure class=\"wp-block-media-text__media\"><img loading=\"lazy\" decoding=\"async\" width=\"1024\" height=\"683\" src=\"https:\/\/dkollektiv.org\/wp-content\/uploads\/2021\/10\/JPG0rddg-1024x683.jpg\" alt=\"\" class=\"wp-image-1841 size-full\" srcset=\"https:\/\/dkollektiv.org\/wp-content\/uploads\/2021\/10\/JPG0rddg-1024x683.jpg 1024w, https:\/\/dkollektiv.org\/wp-content\/uploads\/2021\/10\/JPG0rddg-300x200.jpg 300w, https:\/\/dkollektiv.org\/wp-content\/uploads\/2021\/10\/JPG0rddg-768x512.jpg 768w, https:\/\/dkollektiv.org\/wp-content\/uploads\/2021\/10\/JPG0rddg-1536x1025.jpg 1536w, https:\/\/dkollektiv.org\/wp-content\/uploads\/2021\/10\/JPG0rddg-2048x1367.jpg 2048w\" sizes=\"auto, (max-width: 1024px) 100vw, 1024px\" \/><\/figure><div class=\"wp-block-media-text__content\">\n<p class=\"has-text-align-left\"><strong>Tablier simple<\/strong><\/p>\n\n\n\n<p class=\"has-text-align-left\">Fabrication de tabliers sans manches \u00e0 base de mat\u00e9riaux de r\u00e9cup\u00e9ration, pour les besoins des ateliers du DKollektiv.<\/p>\n\n\n\n<p class=\"has-text-align-left\">V\u00eatements de protection pour travaux de peinture, s\u00e9rigraphie, bricolage et forge.&nbsp;<\/p>\n\n\n\n<p class=\"has-text-align-left\">Comp\u00e9tences requises&nbsp;: <strong>Aucune<\/strong><\/p>\n\n\n\n<p class=\"has-text-align-left\">Comp\u00e9tences acquises&nbsp;: <strong>Prise de mesure, tra\u00e7age du tissu \u00e0 la craie du tailleur, d\u00e9coupe, couture \u00e0 la machine, couture \u00e0 la main et points de couture basiques.&nbsp;<\/strong><\/p>\n<\/div><\/div>\n\n\n\n<div class=\"wp-block-media-text alignwide has-media-on-the-right is-stacked-on-mobile\"><figure class=\"wp-block-media-text__media\"><img loading=\"lazy\" decoding=\"async\" width=\"1000\" height=\"665\" src=\"https:\/\/dkollektiv.org\/wp-content\/uploads\/2021\/10\/Site.jpg\" alt=\"\" class=\"wp-image-1849 size-full\" srcset=\"https:\/\/dkollektiv.org\/wp-content\/uploads\/2021\/10\/Site.jpg 1000w, https:\/\/dkollektiv.org\/wp-content\/uploads\/2021\/10\/Site-300x200.jpg 300w, https:\/\/dkollektiv.org\/wp-content\/uploads\/2021\/10\/Site-768x511.jpg 768w\" sizes=\"auto, (max-width: 1000px) 100vw, 1000px\" \/><\/figure><div class=\"wp-block-media-text__content\">\n<p class=\"has-text-align-right\"><strong>Voiles solaires et rideaux<\/strong><\/p>\n\n\n\n<p class=\"has-text-align-right\">R\u00e9alisation de voiles solaires pour la nouvelle cour et de rideaux pour le laboratoire photo \u00e0 partir d\u2019anciennes toiles et tissus r\u00e9cup\u00e9r\u00e9s.<\/p>\n\n\n\n<p class=\"has-text-align-right\">Comp\u00e9tences requises&nbsp;: <strong>Aucune<\/strong><\/p>\n\n\n\n<p class=\"has-text-align-right\">Comp\u00e9tences acquises&nbsp;: <strong>Prise de mesure, tra\u00e7age du tissu \u00e0 la craie du tailleur, d\u00e9coupe, couture \u00e0 la machine<\/strong><\/p>\n<\/div><\/div>\n\n\n\n<div class=\"wp-block-media-text alignwide is-stacked-on-mobile\"><figure class=\"wp-block-media-text__media\"><img loading=\"lazy\" decoding=\"async\" width=\"1024\" height=\"768\" src=\"https:\/\/dkollektiv.org\/wp-content\/uploads\/2021\/10\/DSF0641-1024x768.jpg\" alt=\"\" class=\"wp-image-1845 size-full\" srcset=\"https:\/\/dkollektiv.org\/wp-content\/uploads\/2021\/10\/DSF0641-1024x768.jpg 1024w, https:\/\/dkollektiv.org\/wp-content\/uploads\/2021\/10\/DSF0641-300x225.jpg 300w, https:\/\/dkollektiv.org\/wp-content\/uploads\/2021\/10\/DSF0641-768x576.jpg 768w, https:\/\/dkollektiv.org\/wp-content\/uploads\/2021\/10\/DSF0641-1536x1152.jpg 1536w, https:\/\/dkollektiv.org\/wp-content\/uploads\/2021\/10\/DSF0641-2048x1536.jpg 2048w\" sizes=\"auto, (max-width: 1024px) 100vw, 1024px\" \/><\/figure><div class=\"wp-block-media-text__content\">\n<p><strong>Sacs \u00ab&nbsp;dkollage&nbsp;\u00bb<\/strong><\/p>\n\n\n\n<p>Il s\u2019agit de sacs en tissus r\u00e9cup\u00e9r\u00e9s adapt\u00e9 \u00e0 diff\u00e9rents niveaux selon le mod\u00e8le choisi. Chaque exemplaire est un mod\u00e8le unique adapt\u00e9 au niveau de chacun.&nbsp;A partir de sac en tissus r\u00e9cup\u00e9r\u00e9s des nouveaux mod\u00e8les unique en son genre adapt\u00e9 \u00e0 diff\u00e9rents niveaux selon le mod\u00e8le choisi.<\/p>\n<\/div><\/div>\n\n\n\n<div class=\"wp-block-columns is-layout-flex wp-container-core-columns-is-layout-9d6595d7 wp-block-columns-is-layout-flex\">\n<div class=\"wp-block-column is-layout-flow wp-block-column-is-layout-flow\"><\/div>\n\n\n\n<div class=\"wp-block-column is-layout-flow wp-block-column-is-layout-flow\"><\/div>\n\n\n\n<div class=\"wp-block-column is-layout-flow wp-block-column-is-layout-flow\"><\/div>\n<\/div>\n\n\n\n<hr class=\"wp-block-separator has-text-color has-background has-black-background-color has-black-color is-style-default\"\/>\n\n\n\n<p><em>Niveaux avanc\u00e9<\/em><\/p>\n\n\n\n<div class=\"wp-block-media-text alignwide is-stacked-on-mobile\"><figure class=\"wp-block-media-text__media\"><img loading=\"lazy\" decoding=\"async\" width=\"1024\" height=\"683\" src=\"https:\/\/dkollektiv.org\/wp-content\/uploads\/2021\/10\/7jz3eg-1024x683.jpg\" alt=\"\" class=\"wp-image-1847 size-full\" srcset=\"https:\/\/dkollektiv.org\/wp-content\/uploads\/2021\/10\/7jz3eg-1024x683.jpg 1024w, https:\/\/dkollektiv.org\/wp-content\/uploads\/2021\/10\/7jz3eg-300x200.jpg 300w, https:\/\/dkollektiv.org\/wp-content\/uploads\/2021\/10\/7jz3eg-768x512.jpg 768w, https:\/\/dkollektiv.org\/wp-content\/uploads\/2021\/10\/7jz3eg-1536x1025.jpg 1536w, https:\/\/dkollektiv.org\/wp-content\/uploads\/2021\/10\/7jz3eg-2048x1367.jpg 2048w\" sizes=\"auto, (max-width: 1024px) 100vw, 1024px\" \/><\/figure><div class=\"wp-block-media-text__content\">\n<p><strong>Retouches sur Bleus de travail existants<\/strong><\/p>\n\n\n\n<p>Coupes\u00a0et retouches sur\u00a0des\u00a0anciens bleus de travail XXXL, afin de leurs donner une seconde vie en les adaptant aux 3 tailles standard M, L et XL. Les vestes et pantalons de travail r\u00e9tr\u00e9cis seront ensuite mis \u00e0 disposition de tous les membres, visiteurs et participants \u0153uvrant au sein du DKollektiv.\u00a0<\/p>\n\n\n\n<p><strong>Comp\u00e9tences requises&nbsp;<\/strong>: Bonne exp\u00e9rience en couture et en retouches de v\u00eatements.&nbsp;<\/p>\n\n\n\n<p><strong>3 Bonnes raisons de participer<\/strong>&nbsp;:&nbsp; possibilit\u00e9 de compl\u00e9ter et d\u2019\u00e9changer ses connaissances entre participants, possibilit\u00e9 de s\u00b4engager pour le d\u00e9veloppement durable de sa communaut\u00e9, la joie du Teamwork venez faire la connaissance de personnes ayant des int\u00e9r\u00eats semblables aux v\u00f4tres.<\/p>\n<\/div><\/div>\n","protected":false},"excerpt":{"rendered":"<p>Caroline Koener, couturi\u00e8re et&nbsp;costumi\u00e8re de films,&nbsp;propose diff\u00e9rents projets de couture, adapt\u00e9 \u00e0&nbsp;tous&nbsp;les niveaux. Bas\u00e9 essentiellement sur l\u2019id\u00e9e de r\u00e9cup\u00e9ration et de restauration\u00a0d\u2019anciens tissus, bleus de travail, voiles, etc. vous pouvez venir apprendre les bases\u00a0de la\u00a0\u00a0couture\u00a0ou venir am\u00e9liorer vos talents en fonction de vos envies et capacit\u00e9s. Niveaux d\u00e9butants: Tablier simple Fabrication de tabliers sans manches &#8230;<\/p>\n","protected":false},"author":9,"featured_media":0,"parent":0,"menu_order":0,"comment_status":"closed","ping_status":"closed","template":"templates\/fullwidth.php","meta":{"footnotes":""},"class_list":["post-1838","page","type-page","status-publish","hentry"],"_links":{"self":[{"href":"https:\/\/dkollektiv.org\/dkollage\/wp-json\/wp\/v2\/pages\/1838","targetHints":{"allow":["GET"]}}],"collection":[{"href":"https:\/\/dkollektiv.org\/dkollage\/wp-json\/wp\/v2\/pages"}],"about":[{"href":"https:\/\/dkollektiv.org\/dkollage\/wp-json\/wp\/v2\/types\/page"}],"author":[{"embeddable":true,"href":"https:\/\/dkollektiv.org\/dkollage\/wp-json\/wp\/v2\/users\/9"}],"replies":[{"embeddable":true,"href":"https:\/\/dkollektiv.org\/dkollage\/wp-json\/wp\/v2\/comments?post=1838"}],"version-history":[{"count":9,"href":"https:\/\/dkollektiv.org\/dkollage\/wp-json\/wp\/v2\/pages\/1838\/revisions"}],"predecessor-version":[{"id":2215,"href":"https:\/\/dkollektiv.org\/dkollage\/wp-json\/wp\/v2\/pages\/1838\/revisions\/2215"}],"wp:attachment":[{"href":"https:\/\/dkollektiv.org\/dkollage\/wp-json\/wp\/v2\/media?parent=1838"}],"curies":[{"name":"wp","href":"https:\/\/api.w.org\/{rel}","templated":true}]}}