{"id":1861,"date":"2021-10-18T22:27:57","date_gmt":"2021-10-18T20:27:57","guid":{"rendered":"https:\/\/dkollektiv.org\/?page_id=1861"},"modified":"2022-01-11T20:33:10","modified_gmt":"2022-01-11T19:33:10","slug":"cuisine","status":"publish","type":"page","link":"https:\/\/dkollektiv.org\/dkollage\/cuisine\/","title":{"rendered":"Cuisine"},"content":{"rendered":"\n<p>\u00ab De WON&nbsp;\u00bb est une ancienne cabane de chantier,&nbsp;transform\u00e9e&nbsp;en cuisine mobile. Aujourd\u2019hui,&nbsp;elle&nbsp;nous permet de cuisiner&nbsp;&nbsp;de mani\u00e8re autonome&nbsp;pour tous les b\u00e9n\u00e9voles!<\/p>\n\n\n\n<p>Pendant la premi\u00e8re phase du chantier participatif des bacs \u00e0 l\u00e9gumes (construction avec la sc\u00e8ne de musique int\u00e9gr\u00e9e gr\u00e2ce \u00e0 la r\u00e9cup de la vieille toiture. Car comme vous savez les l\u00e9gumes poussent mieux dans un bon environnement et surtout avec de la bonne musique&nbsp;!&nbsp;avec une sc\u00e8ne de musique int\u00e9gr\u00e9e, car les l\u00e9gumes poussent mieux avec de la bonne musique) ont \u00e9t\u00e9 construit. La r\u00e9colte f\u00fbt abondante&nbsp;et&nbsp;&nbsp;a permis&nbsp;de nourrir tous les b\u00e9n\u00e9voles des chantiers participatifs.<\/p>\n\n\n\n<p>Chacun est le bienvenu, d\u2019int\u00e9grer l\u2019\u00e9quipe cuisine, et de concocter des plats saisonniers, \u00e0 partir de produits locaux. La journ\u00e9e se finit par une d\u00e9licieuse note sucr\u00e9e!<\/p>\n\n\n\n<hr class=\"wp-block-separator has-text-color has-background has-black-background-color has-black-color is-style-default\"\/>\n\n\n\n<p><strong>Comp\u00e9tences requises:<\/strong><\/p>\n\n\n\n<p>Aucune<\/p>\n\n\n\n<p><strong>Comp\u00e9tences acquises:<\/strong><\/p>\n\n\n\n<p>&#8211; Apprendre \u00e0 r\u00e9aliser des plats \u00e0 partir de produits saisonniers<\/p>\n\n\n\n<p>&#8211; Se familiariser avec les bases de la cuisine (pr\u00e9paration des l\u00e9gumes, diff\u00e9rentes techniques de cuissons,\u2026)<\/p>\n\n\n\n<p>&#8211; R\u00e9aliser des desserts simples (tartes, gaufres,\u2026)<br><br><\/p>\n\n\n\n<figure class=\"wp-block-gallery columns-3 is-cropped wp-block-gallery-1 is-layout-flex wp-block-gallery-is-layout-flex\"><ul class=\"blocks-gallery-grid\"><li class=\"blocks-gallery-item\"><figure><img loading=\"lazy\" decoding=\"async\" width=\"1000\" height=\"667\" src=\"https:\/\/dkollektiv.org\/wp-content\/uploads\/2021\/11\/DSC06152-1.jpg\" alt=\"\" data-id=\"1952\" data-full-url=\"https:\/\/dkollektiv.org\/wp-content\/uploads\/2021\/11\/DSC06152-1.jpg\" data-link=\"https:\/\/dkollektiv.org\/cuisine\/dsc06152-1\/\" class=\"wp-image-1952\" srcset=\"https:\/\/dkollektiv.org\/wp-content\/uploads\/2021\/11\/DSC06152-1.jpg 1000w, https:\/\/dkollektiv.org\/wp-content\/uploads\/2021\/11\/DSC06152-1-300x200.jpg 300w, https:\/\/dkollektiv.org\/wp-content\/uploads\/2021\/11\/DSC06152-1-768x512.jpg 768w\" sizes=\"auto, (max-width: 1000px) 100vw, 1000px\" \/><\/figure><\/li><li class=\"blocks-gallery-item\"><figure><img loading=\"lazy\" decoding=\"async\" width=\"1000\" height=\"667\" src=\"https:\/\/dkollektiv.org\/wp-content\/uploads\/2021\/11\/P1280591.jpg\" alt=\"\" data-id=\"1954\" data-full-url=\"https:\/\/dkollektiv.org\/wp-content\/uploads\/2021\/11\/P1280591.jpg\" data-link=\"https:\/\/dkollektiv.org\/cuisine\/p1280591\/\" class=\"wp-image-1954\" srcset=\"https:\/\/dkollektiv.org\/wp-content\/uploads\/2021\/11\/P1280591.jpg 1000w, https:\/\/dkollektiv.org\/wp-content\/uploads\/2021\/11\/P1280591-300x200.jpg 300w, https:\/\/dkollektiv.org\/wp-content\/uploads\/2021\/11\/P1280591-768x512.jpg 768w\" sizes=\"auto, (max-width: 1000px) 100vw, 1000px\" \/><\/figure><\/li><li class=\"blocks-gallery-item\"><figure><img loading=\"lazy\" decoding=\"async\" width=\"1000\" height=\"667\" src=\"https:\/\/dkollektiv.org\/wp-content\/uploads\/2021\/11\/P1280496.jpg\" alt=\"\" data-id=\"1957\" data-full-url=\"https:\/\/dkollektiv.org\/wp-content\/uploads\/2021\/11\/P1280496.jpg\" data-link=\"https:\/\/dkollektiv.org\/cuisine\/p1280496\/\" class=\"wp-image-1957\" srcset=\"https:\/\/dkollektiv.org\/wp-content\/uploads\/2021\/11\/P1280496.jpg 1000w, https:\/\/dkollektiv.org\/wp-content\/uploads\/2021\/11\/P1280496-300x200.jpg 300w, https:\/\/dkollektiv.org\/wp-content\/uploads\/2021\/11\/P1280496-768x512.jpg 768w\" sizes=\"auto, (max-width: 1000px) 100vw, 1000px\" \/><\/figure><\/li><li class=\"blocks-gallery-item\"><figure><img loading=\"lazy\" decoding=\"async\" width=\"1000\" height=\"667\" src=\"https:\/\/dkollektiv.org\/wp-content\/uploads\/2021\/11\/P1280786.jpg\" alt=\"\" data-id=\"1958\" data-full-url=\"https:\/\/dkollektiv.org\/wp-content\/uploads\/2021\/11\/P1280786.jpg\" data-link=\"https:\/\/dkollektiv.org\/cuisine\/p1280786\/\" class=\"wp-image-1958\" srcset=\"https:\/\/dkollektiv.org\/wp-content\/uploads\/2021\/11\/P1280786.jpg 1000w, https:\/\/dkollektiv.org\/wp-content\/uploads\/2021\/11\/P1280786-300x200.jpg 300w, https:\/\/dkollektiv.org\/wp-content\/uploads\/2021\/11\/P1280786-768x512.jpg 768w\" sizes=\"auto, (max-width: 1000px) 100vw, 1000px\" \/><\/figure><\/li><\/ul><\/figure>\n","protected":false},"excerpt":{"rendered":"<p>\u00ab De WON&nbsp;\u00bb est une ancienne cabane de chantier,&nbsp;transform\u00e9e&nbsp;en cuisine mobile. Aujourd\u2019hui,&nbsp;elle&nbsp;nous permet de cuisiner&nbsp;&nbsp;de mani\u00e8re autonome&nbsp;pour tous les b\u00e9n\u00e9voles! Pendant la premi\u00e8re phase du chantier participatif des bacs \u00e0 l\u00e9gumes (construction avec la sc\u00e8ne de musique int\u00e9gr\u00e9e gr\u00e2ce \u00e0 la r\u00e9cup de la vieille toiture. Car comme vous savez les l\u00e9gumes poussent mieux dans &#8230;<\/p>\n","protected":false},"author":9,"featured_media":0,"parent":0,"menu_order":0,"comment_status":"closed","ping_status":"closed","template":"templates\/fullwidth.php","meta":{"footnotes":""},"class_list":["post-1861","page","type-page","status-publish","hentry"],"_links":{"self":[{"href":"https:\/\/dkollektiv.org\/dkollage\/wp-json\/wp\/v2\/pages\/1861","targetHints":{"allow":["GET"]}}],"collection":[{"href":"https:\/\/dkollektiv.org\/dkollage\/wp-json\/wp\/v2\/pages"}],"about":[{"href":"https:\/\/dkollektiv.org\/dkollage\/wp-json\/wp\/v2\/types\/page"}],"author":[{"embeddable":true,"href":"https:\/\/dkollektiv.org\/dkollage\/wp-json\/wp\/v2\/users\/9"}],"replies":[{"embeddable":true,"href":"https:\/\/dkollektiv.org\/dkollage\/wp-json\/wp\/v2\/comments?post=1861"}],"version-history":[{"count":9,"href":"https:\/\/dkollektiv.org\/dkollage\/wp-json\/wp\/v2\/pages\/1861\/revisions"}],"predecessor-version":[{"id":2214,"href":"https:\/\/dkollektiv.org\/dkollage\/wp-json\/wp\/v2\/pages\/1861\/revisions\/2214"}],"wp:attachment":[{"href":"https:\/\/dkollektiv.org\/dkollage\/wp-json\/wp\/v2\/media?parent=1861"}],"curies":[{"name":"wp","href":"https:\/\/api.w.org\/{rel}","templated":true}]}}