{"id":1864,"date":"2021-10-18T22:24:17","date_gmt":"2021-10-18T20:24:17","guid":{"rendered":"https:\/\/dkollektiv.org\/?page_id=1864"},"modified":"2021-10-18T22:24:17","modified_gmt":"2021-10-18T20:24:17","slug":"peinture","status":"publish","type":"page","link":"https:\/\/dkollektiv.org\/dkollage\/peinture\/","title":{"rendered":"Peinture"},"content":{"rendered":"\n<p>o\u00f9 : r\u00e9novation de la salle d&rsquo;eau des anciens vestiaires et d&rsquo;une salle de r\u00e9union pour associations locales, local de stockage<\/p>\n\n\n\n<div class=\"wp-block-columns is-layout-flex wp-container-core-columns-is-layout-9d6595d7 wp-block-columns-is-layout-flex\">\n<div class=\"wp-block-column is-layout-flow wp-block-column-is-layout-flow\">\n<figure class=\"wp-block-image size-full\"><img loading=\"lazy\" decoding=\"async\" width=\"1000\" height=\"668\" src=\"https:\/\/dkollektiv.org\/wp-content\/uploads\/2021\/10\/pwinture.jpg\" alt=\"\" class=\"wp-image-1866\" srcset=\"https:\/\/dkollektiv.org\/wp-content\/uploads\/2021\/10\/pwinture.jpg 1000w, https:\/\/dkollektiv.org\/wp-content\/uploads\/2021\/10\/pwinture-300x200.jpg 300w, https:\/\/dkollektiv.org\/wp-content\/uploads\/2021\/10\/pwinture-768x513.jpg 768w\" sizes=\"auto, (max-width: 1000px) 100vw, 1000px\" \/><\/figure>\n<\/div>\n\n\n\n<div class=\"wp-block-column is-layout-flow wp-block-column-is-layout-flow\">\n<figure class=\"wp-block-image size-full\"><img loading=\"lazy\" decoding=\"async\" width=\"1000\" height=\"668\" src=\"https:\/\/dkollektiv.org\/wp-content\/uploads\/2021\/10\/pwinture2.jpg\" alt=\"\" class=\"wp-image-1865\" srcset=\"https:\/\/dkollektiv.org\/wp-content\/uploads\/2021\/10\/pwinture2.jpg 1000w, https:\/\/dkollektiv.org\/wp-content\/uploads\/2021\/10\/pwinture2-300x200.jpg 300w, https:\/\/dkollektiv.org\/wp-content\/uploads\/2021\/10\/pwinture2-768x513.jpg 768w\" sizes=\"auto, (max-width: 1000px) 100vw, 1000px\" \/><\/figure>\n<\/div>\n<\/div>\n\n\n\n<p>Activit\u00e9s&nbsp;: Erausrappen, Spachtelen, Schlaifen, Ustraichen&nbsp;\uf04a<\/p>\n\n\n\n<p>pr\u00e9parer (d\u00e9montage technique, conservation des \u00e9l\u00e9ments encore utilisables\u2026)<\/p>\n\n\n\n<p>nettoyer, gratter les murs<\/p>\n\n\n\n<p>d\u00e9capage peinture ancienne<\/p>\n\n\n\n<p>reboucher&nbsp;les trous<\/p>\n\n\n\n<p>poncer les surfaces pour \u00e9galiser, lisser<\/p>\n\n\n\n<p>appliquer une couche de fond sur murs et plafonds<\/p>\n","protected":false},"excerpt":{"rendered":"<p>o\u00f9 : r\u00e9novation de la salle d&rsquo;eau des anciens vestiaires et d&rsquo;une salle de r\u00e9union pour associations locales, local de stockage Activit\u00e9s&nbsp;: Erausrappen, Spachtelen, Schlaifen, Ustraichen&nbsp;\uf04a pr\u00e9parer (d\u00e9montage technique, conservation des \u00e9l\u00e9ments encore utilisables\u2026) nettoyer, gratter les murs d\u00e9capage peinture ancienne reboucher&nbsp;les trous poncer les surfaces pour \u00e9galiser, lisser appliquer une couche de fond sur &#8230;<\/p>\n","protected":false},"author":9,"featured_media":0,"parent":0,"menu_order":0,"comment_status":"closed","ping_status":"closed","template":"templates\/fullwidth.php","meta":{"footnotes":""},"class_list":["post-1864","page","type-page","status-publish","hentry"],"_links":{"self":[{"href":"https:\/\/dkollektiv.org\/dkollage\/wp-json\/wp\/v2\/pages\/1864","targetHints":{"allow":["GET"]}}],"collection":[{"href":"https:\/\/dkollektiv.org\/dkollage\/wp-json\/wp\/v2\/pages"}],"about":[{"href":"https:\/\/dkollektiv.org\/dkollage\/wp-json\/wp\/v2\/types\/page"}],"author":[{"embeddable":true,"href":"https:\/\/dkollektiv.org\/dkollage\/wp-json\/wp\/v2\/users\/9"}],"replies":[{"embeddable":true,"href":"https:\/\/dkollektiv.org\/dkollage\/wp-json\/wp\/v2\/comments?post=1864"}],"version-history":[{"count":1,"href":"https:\/\/dkollektiv.org\/dkollage\/wp-json\/wp\/v2\/pages\/1864\/revisions"}],"predecessor-version":[{"id":1867,"href":"https:\/\/dkollektiv.org\/dkollage\/wp-json\/wp\/v2\/pages\/1864\/revisions\/1867"}],"wp:attachment":[{"href":"https:\/\/dkollektiv.org\/dkollage\/wp-json\/wp\/v2\/media?parent=1864"}],"curies":[{"name":"wp","href":"https:\/\/api.w.org\/{rel}","templated":true}]}}