{"id":2129,"date":"2022-01-11T16:02:43","date_gmt":"2022-01-11T15:02:43","guid":{"rendered":"https:\/\/dkollektiv.org\/?page_id=2129"},"modified":"2023-11-17T15:59:52","modified_gmt":"2023-11-17T14:59:52","slug":"dkollage","status":"publish","type":"page","link":"https:\/\/dkollektiv.org\/dkollage\/dkollage\/","title":{"rendered":""},"content":{"rendered":"\n<hr class=\"wp-block-separator has-text-color has-black-color has-css-opacity has-black-background-color has-background\"\/>\n\n\n\n<p><strong>Venez d\u00e9couvrir un nouvel espace urbain !<\/strong><\/p>\n\n\n\n<p>Le site de l\u2019ancienne usine sid\u00e9rurgique de Dudelange redevient un lieu de vie.&nbsp;<\/p>\n\n\n\n<p>Les membres du DKollektiv aimeraient r\u00e9unir tous les habitants \u00e0 imaginer et cr\u00e9er l\u2019avenir du b\u00e2timent des vestiaires et du hall wagonnage (VEWA), qui sera durablement int\u00e9gr\u00e9 au futur quartier d\u2019habitation \u00ab&nbsp;Neischmelz&nbsp;\u00bb.&nbsp;<\/p>\n\n\n\n<p>Nous appelons ce projet \u00ab DKollage, utopie(s) possible(s) \u00bb.<\/p>\n\n\n\n<figure class=\"wp-block-embed is-type-video is-provider-vimeo wp-block-embed-vimeo wp-embed-aspect-16-9 wp-has-aspect-ratio\"><div class=\"wp-block-embed__wrapper\">\nhttps:\/\/vimeo.com\/705461319\n<\/div><\/figure>\n\n\n\n<hr class=\"wp-block-separator has-text-color has-black-color has-css-opacity has-black-background-color has-background\"\/>\n\n\n\n<p><strong>Que faisons-nous ?<\/strong><\/p>\n\n\n\n<p>Lors des \u00ab chantiers participatifs \u00bb la reconstruction est un moment d\u2019\u00e9change interpersonnel et sous le signe&nbsp;de la bonne humeur. Ici, on est curieux envers le pass\u00e9 et enthousiaste pour le futur du lieu.&nbsp;<\/p>\n\n\n\n<p>Tous ceux qui ont envie de donner un coup de main pour l\u2019am\u00e9nagement (amateurs et exp\u00e9riment\u00e9s) ont le choix entre des petits travaux de r\u00e9novation ou de restauration de mat\u00e9riels r\u00e9cup\u00e9r\u00e9s, la participation \u00e0 un atelier textile, la construction \u00e9cologique d\u2019une serre pour le jardin communautaire ou cuisiner ensemble avec des l\u00e9gumes du potager.&nbsp;<\/p>\n\n\n\n<hr class=\"wp-block-separator has-text-color has-black-color has-css-opacity has-black-background-color has-background\"\/>\n\n\n\n<hr class=\"wp-block-separator has-text-color has-css-opacity has-background\" style=\"background-color:#ffed00;color:#ffed00\"\/>\n\n\n\n<figure class=\"wp-block-gallery has-nested-images columns-3 is-cropped wp-block-gallery-1 is-layout-flex wp-block-gallery-is-layout-flex\">\n<figure class=\"wp-block-image size-large\"><img loading=\"lazy\" decoding=\"async\" width=\"1000\" height=\"668\" data-id=\"2018\" src=\"https:\/\/dkollektiv.org\/wp-content\/uploads\/2021\/11\/Sana-14.jpg\" alt=\"\" class=\"wp-image-2018\" srcset=\"https:\/\/dkollektiv.org\/wp-content\/uploads\/2021\/11\/Sana-14.jpg 1000w, https:\/\/dkollektiv.org\/wp-content\/uploads\/2021\/11\/Sana-14-300x200.jpg 300w, https:\/\/dkollektiv.org\/wp-content\/uploads\/2021\/11\/Sana-14-768x513.jpg 768w\" sizes=\"auto, (max-width: 1000px) 100vw, 1000px\" \/><\/figure>\n\n\n\n<figure class=\"wp-block-image size-large\"><img loading=\"lazy\" decoding=\"async\" width=\"240\" height=\"320\" data-id=\"1985\" src=\"https:\/\/dkollektiv.org\/wp-content\/uploads\/2021\/11\/DSF0850-1.jpg\" alt=\"\" class=\"wp-image-1985\" srcset=\"https:\/\/dkollektiv.org\/wp-content\/uploads\/2021\/11\/DSF0850-1.jpg 240w, https:\/\/dkollektiv.org\/wp-content\/uploads\/2021\/11\/DSF0850-1-225x300.jpg 225w\" sizes=\"auto, (max-width: 240px) 100vw, 240px\" \/><\/figure>\n\n\n\n<figure class=\"wp-block-image size-large\"><img loading=\"lazy\" decoding=\"async\" width=\"1024\" height=\"768\" data-id=\"1857\" src=\"https:\/\/dkollektiv.org\/wp-content\/uploads\/2021\/10\/IMG_1698-1024x768.jpg\" alt=\"\" class=\"wp-image-1857\" srcset=\"https:\/\/dkollektiv.org\/wp-content\/uploads\/2021\/10\/IMG_1698-1024x768.jpg 1024w, https:\/\/dkollektiv.org\/wp-content\/uploads\/2021\/10\/IMG_1698-300x225.jpg 300w, https:\/\/dkollektiv.org\/wp-content\/uploads\/2021\/10\/IMG_1698-768x576.jpg 768w, https:\/\/dkollektiv.org\/wp-content\/uploads\/2021\/10\/IMG_1698-1536x1152.jpg 1536w, https:\/\/dkollektiv.org\/wp-content\/uploads\/2021\/10\/IMG_1698-rotated.jpg 2016w\" sizes=\"auto, (max-width: 1024px) 100vw, 1024px\" \/><\/figure>\n<\/figure>\n\n\n\n<p><\/p>\n\n\n\n<hr class=\"wp-block-separator has-text-color has-black-color has-css-opacity has-black-background-color has-background\"\/>\n\n\n\n<p><strong>Qui participe ?<\/strong><\/p>\n\n\n\n<p>Il s\u2019agit d\u2019une initiative ouverte&nbsp;: chacun peut imaginer&nbsp;des projets et r\u00e9inventer des usages&nbsp;! L\u2019exp\u00e9rimentation, l\u2019\u00e9change de savoir-faire et la convivialit\u00e9 sont au centre des rencontres et toutes les id\u00e9es sont donc bienvenues.<\/p>\n\n\n\n<p>Aujourd\u2019hui d\u00e9j\u00e0, des citoyens de tous&nbsp;horizons et de plusieurs g\u00e9n\u00e9rations se r\u00e9unissent r\u00e9guli\u00e8rement sur le site pour cr\u00e9er un espace culturel alternatif.&nbsp;<\/p>\n\n\n\n<p>Les curieux d\u00e9couvriront un de ces \u00ab&nbsp;tiers-lieux&nbsp;culturels \u00bb o\u00f9 des id\u00e9es cr\u00e9atives peuvent prendre vie \u00e0 travers le partage.&nbsp;<strong><\/strong><\/p>\n\n\n\n<figure class=\"wp-block-image size-large\"><img loading=\"lazy\" decoding=\"async\" width=\"1024\" height=\"682\" src=\"https:\/\/dkollektiv.org\/wp-content\/uploads\/2022\/01\/Dkollage_iNET72dpi\u00a9-Marc-Lazzarini-standart-4-1024x682.jpg\" alt=\"\" class=\"wp-image-2131\" srcset=\"https:\/\/dkollektiv.org\/wp-content\/uploads\/2022\/01\/Dkollage_iNET72dpi\u00a9-Marc-Lazzarini-standart-4-1024x682.jpg 1024w, https:\/\/dkollektiv.org\/wp-content\/uploads\/2022\/01\/Dkollage_iNET72dpi\u00a9-Marc-Lazzarini-standart-4-300x200.jpg 300w, https:\/\/dkollektiv.org\/wp-content\/uploads\/2022\/01\/Dkollage_iNET72dpi\u00a9-Marc-Lazzarini-standart-4-768x511.jpg 768w, https:\/\/dkollektiv.org\/wp-content\/uploads\/2022\/01\/Dkollage_iNET72dpi\u00a9-Marc-Lazzarini-standart-4-1536x1022.jpg 1536w, https:\/\/dkollektiv.org\/wp-content\/uploads\/2022\/01\/Dkollage_iNET72dpi\u00a9-Marc-Lazzarini-standart-4.jpg 2048w\" sizes=\"auto, (max-width: 1024px) 100vw, 1024px\" \/><figcaption class=\"wp-element-caption\">\u00a9 Marc Lazzarini \/ standart<\/figcaption><\/figure>\n\n\n\n<hr class=\"wp-block-separator has-text-color has-black-color has-css-opacity has-black-background-color has-background\"\/>\n\n\n\n<p><strong>Comment participer ?<\/strong><strong><\/strong><\/p>\n\n\n\n<p>Les samedis participatifs continuent.<\/p>\n\n\n\n<p>Les ateliers participatifs sont l&rsquo;occasion id\u00e9ale pour venir d\u00e9couvrir le VEWA, pour apprendre \u00e0 conna\u00eetre les diff\u00e9rents projets et les membres du collectif. <\/p>\n\n\n\n<p>Mettez des habits de travail adapt\u00e9s et venez vous inspirer !<\/p>\n\n\n\n<p><strong>9h30-17h30<\/strong><\/p>\n\n\n\n<p>Adresse\u00a0: 4, place Thierry van Werveke, L-3475 Dudelange<\/p>\n\n\n\n<p>Inscrivez-vous <a href=\"https:\/\/dkollektiv.org\/dkollage\/dkollage-2\/\" data-type=\"URL\">ici<\/a><\/p>\n","protected":false},"excerpt":{"rendered":"<p>Venez d\u00e9couvrir un nouvel espace urbain ! Le site de l\u2019ancienne usine sid\u00e9rurgique de Dudelange redevient un lieu de vie.&nbsp; Les membres du DKollektiv aimeraient r\u00e9unir tous les habitants \u00e0 imaginer et cr\u00e9er l\u2019avenir du b\u00e2timent des vestiaires et du hall wagonnage (VEWA), qui sera durablement int\u00e9gr\u00e9 au futur quartier d\u2019habitation \u00ab&nbsp;Neischmelz&nbsp;\u00bb.&nbsp; Nous appelons ce &#8230;<\/p>\n","protected":false},"author":9,"featured_media":0,"parent":0,"menu_order":0,"comment_status":"closed","ping_status":"closed","template":"templates\/fullwidth.php","meta":{"footnotes":""},"class_list":["post-2129","page","type-page","status-publish","hentry"],"_links":{"self":[{"href":"https:\/\/dkollektiv.org\/dkollage\/wp-json\/wp\/v2\/pages\/2129","targetHints":{"allow":["GET"]}}],"collection":[{"href":"https:\/\/dkollektiv.org\/dkollage\/wp-json\/wp\/v2\/pages"}],"about":[{"href":"https:\/\/dkollektiv.org\/dkollage\/wp-json\/wp\/v2\/types\/page"}],"author":[{"embeddable":true,"href":"https:\/\/dkollektiv.org\/dkollage\/wp-json\/wp\/v2\/users\/9"}],"replies":[{"embeddable":true,"href":"https:\/\/dkollektiv.org\/dkollage\/wp-json\/wp\/v2\/comments?post=2129"}],"version-history":[{"count":38,"href":"https:\/\/dkollektiv.org\/dkollage\/wp-json\/wp\/v2\/pages\/2129\/revisions"}],"predecessor-version":[{"id":2555,"href":"https:\/\/dkollektiv.org\/dkollage\/wp-json\/wp\/v2\/pages\/2129\/revisions\/2555"}],"wp:attachment":[{"href":"https:\/\/dkollektiv.org\/dkollage\/wp-json\/wp\/v2\/media?parent=2129"}],"curies":[{"name":"wp","href":"https:\/\/api.w.org\/{rel}","templated":true}]}}

<hr class="wp-block-separator has-text-color has-black-color has-css-opacity has-black-background-color has-background"/>



<p><strong>Venez découvrir un nouvel espace urbain !</strong></p>



<p>Le site de l’ancienne usine sidérurgique de Dudelange redevient un lieu de vie.&nbsp;</p>



<p>Les membres du DKollektiv aimeraient réunir tous les habitants à imaginer et créer l’avenir du bâtiment des vestiaires et du hall wagonnage (VEWA), qui sera durablement intégré au futur quartier d’habitation «&nbsp;Neischmelz&nbsp;».&nbsp;</p>



<p>Nous appelons ce projet « DKollage, utopie(s) possible(s) ».</p>



<figure class="wp-block-embed is-type-video is-provider-vimeo wp-block-embed-vimeo wp-embed-aspect-16-9 wp-has-aspect-ratio"><div class="wp-block-embed__wrapper">
https://vimeo.com/705461319
</div></figure>



<hr class="wp-block-separator has-text-color has-black-color has-css-opacity has-black-background-color has-background"/>



<p><strong>Que faisons-nous ?</strong></p>



<p>Lors des « chantiers participatifs » la reconstruction est un moment d’échange interpersonnel et sous le signe&nbsp;de la bonne humeur. Ici, on est curieux envers le passé et enthousiaste pour le futur du lieu.&nbsp;</p>



<p>Tous ceux qui ont envie de donner un coup de main pour l’aménagement (amateurs et expérimentés) ont le choix entre des petits travaux de rénovation ou de restauration de matériels récupérés, la participation à un atelier textile, la construction écologique d’une serre pour le jardin communautaire ou cuisiner ensemble avec des légumes du potager.&nbsp;</p>



<hr class="wp-block-separator has-text-color has-black-color has-css-opacity has-black-background-color has-background"/>



<hr class="wp-block-separator has-text-color has-css-opacity has-background" style="background-color:#ffed00;color:#ffed00"/>



<figure class="wp-block-gallery has-nested-images columns-3 is-cropped wp-block-gallery-1 is-layout-flex wp-block-gallery-is-layout-flex">
<figure class="wp-block-image size-large"><img loading="lazy" decoding="async" width="1000" height="668" data-id="2018" src="https://dkollektiv.org/wp-content/uploads/2021/11/Sana-14.jpg" alt="" class="wp-image-2018" srcset="https://dkollektiv.org/wp-content/uploads/2021/11/Sana-14.jpg 1000w, https://dkollektiv.org/wp-content/uploads/2021/11/Sana-14-300x200.jpg 300w, https://dkollektiv.org/wp-content/uploads/2021/11/Sana-14-768x513.jpg 768w" sizes="auto, (max-width: 1000px) 100vw, 1000px" /></figure>



<figure class="wp-block-image size-large"><img loading="lazy" decoding="async" width="240" height="320" data-id="1985" src="https://dkollektiv.org/wp-content/uploads/2021/11/DSF0850-1.jpg" alt="" class="wp-image-1985" srcset="https://dkollektiv.org/wp-content/uploads/2021/11/DSF0850-1.jpg 240w, https://dkollektiv.org/wp-content/uploads/2021/11/DSF0850-1-225x300.jpg 225w" sizes="auto, (max-width: 240px) 100vw, 240px" /></figure>



<figure class="wp-block-image size-large"><img loading="lazy" decoding="async" width="1024" height="768" data-id="1857" src="https://dkollektiv.org/wp-content/uploads/2021/10/IMG_1698-1024x768.jpg" alt="" class="wp-image-1857" srcset="https://dkollektiv.org/wp-content/uploads/2021/10/IMG_1698-1024x768.jpg 1024w, https://dkollektiv.org/wp-content/uploads/2021/10/IMG_1698-300x225.jpg 300w, https://dkollektiv.org/wp-content/uploads/2021/10/IMG_1698-768x576.jpg 768w, https://dkollektiv.org/wp-content/uploads/2021/10/IMG_1698-1536x1152.jpg 1536w, https://dkollektiv.org/wp-content/uploads/2021/10/IMG_1698-rotated.jpg 2016w" sizes="auto, (max-width: 1024px) 100vw, 1024px" /></figure>
</figure>



<p></p>



<hr class="wp-block-separator has-text-color has-black-color has-css-opacity has-black-background-color has-background"/>



<p><strong>Qui participe ?</strong></p>



<p>Il s’agit d’une initiative ouverte&nbsp;: chacun peut imaginer&nbsp;des projets et réinventer des usages&nbsp;! L’expérimentation, l’échange de savoir-faire et la convivialité sont au centre des rencontres et toutes les idées sont donc bienvenues.</p>



<p>Aujourd’hui déjà, des citoyens de tous&nbsp;horizons et de plusieurs générations se réunissent régulièrement sur le site pour créer un espace culturel alternatif.&nbsp;</p>



<p>Les curieux découvriront un de ces «&nbsp;tiers-lieux&nbsp;culturels » où des idées créatives peuvent prendre vie à travers le partage.&nbsp;<strong></strong></p>



<figure class="wp-block-image size-large"><img loading="lazy" decoding="async" width="1024" height="682" src="https://dkollektiv.org/wp-content/uploads/2022/01/Dkollage_iNET72dpi©-Marc-Lazzarini-standart-4-1024x682.jpg" alt="" class="wp-image-2131" srcset="https://dkollektiv.org/wp-content/uploads/2022/01/Dkollage_iNET72dpi©-Marc-Lazzarini-standart-4-1024x682.jpg 1024w, https://dkollektiv.org/wp-content/uploads/2022/01/Dkollage_iNET72dpi©-Marc-Lazzarini-standart-4-300x200.jpg 300w, https://dkollektiv.org/wp-content/uploads/2022/01/Dkollage_iNET72dpi©-Marc-Lazzarini-standart-4-768x511.jpg 768w, https://dkollektiv.org/wp-content/uploads/2022/01/Dkollage_iNET72dpi©-Marc-Lazzarini-standart-4-1536x1022.jpg 1536w, https://dkollektiv.org/wp-content/uploads/2022/01/Dkollage_iNET72dpi©-Marc-Lazzarini-standart-4.jpg 2048w" sizes="auto, (max-width: 1024px) 100vw, 1024px" /><figcaption class="wp-element-caption">© Marc Lazzarini / standart</figcaption></figure>



<hr class="wp-block-separator has-text-color has-black-color has-css-opacity has-black-background-color has-background"/>



<p><strong>Comment participer ?</strong><strong></strong></p>



<p>Les samedis participatifs continuent.</p>



<p>Les ateliers participatifs sont l&rsquo;occasion idéale pour venir découvrir le VEWA, pour apprendre à connaître les différents projets et les membres du collectif. </p>



<p>Mettez des habits de travail adaptés et venez vous inspirer !</p>



<p><strong>9h30-17h30</strong></p>



<p>Adresse : 4, place Thierry van Werveke, L-3475 Dudelange</p>



<p>Inscrivez-vous <a href="https://dkollektiv.org/dkollage/dkollage-2/" data-type="URL">ici</a></p>

<p>Venez découvrir un nouvel espace urbain ! Le site de l’ancienne usine sidérurgique de Dudelange redevient un lieu de vie.&nbsp; Les membres du DKollektiv aimeraient réunir tous les habitants à imaginer et créer l’avenir du bâtiment des vestiaires et du hall wagonnage (VEWA), qui sera durablement intégré au futur quartier d’habitation «&nbsp;Neischmelz&nbsp;».&nbsp; Nous appelons ce &#8230;</p>
