{"id":2146,"date":"2022-01-11T16:11:56","date_gmt":"2022-01-11T15:11:56","guid":{"rendered":"https:\/\/dkollektiv.org\/?page_id=2146"},"modified":"2025-11-05T10:13:15","modified_gmt":"2025-11-05T09:13:15","slug":"actions","status":"publish","type":"page","link":"https:\/\/dkollektiv.org\/dkollage\/","title":{"rendered":"Nos actions"},"content":{"rendered":"\n<hr class=\"wp-block-separator has-text-color has-black-color has-css-opacity has-black-background-color has-background\"\/>\n\n\n\n<figure class=\"wp-block-image size-large\"><img loading=\"lazy\" decoding=\"async\" width=\"722\" height=\"1024\" src=\"https:\/\/dkollektiv.org\/wp-content\/uploads\/2025\/11\/Archipel_Flyer_A5_web_pages-to-jpg-0001-722x1024.jpg\" alt=\"\" class=\"wp-image-2672\" srcset=\"https:\/\/dkollektiv.org\/wp-content\/uploads\/2025\/11\/Archipel_Flyer_A5_web_pages-to-jpg-0001-722x1024.jpg 722w, https:\/\/dkollektiv.org\/wp-content\/uploads\/2025\/11\/Archipel_Flyer_A5_web_pages-to-jpg-0001-212x300.jpg 212w, https:\/\/dkollektiv.org\/wp-content\/uploads\/2025\/11\/Archipel_Flyer_A5_web_pages-to-jpg-0001-768x1089.jpg 768w, https:\/\/dkollektiv.org\/wp-content\/uploads\/2025\/11\/Archipel_Flyer_A5_web_pages-to-jpg-0001.jpg 875w\" sizes=\"auto, (max-width: 722px) 100vw, 722px\" \/><\/figure>\n\n\n\n<figure class=\"wp-block-image size-large\"><img loading=\"lazy\" decoding=\"async\" width=\"722\" height=\"1024\" src=\"https:\/\/dkollektiv.org\/wp-content\/uploads\/2025\/11\/Archipel_Flyer_A5_web_pages-to-jpg-0002-722x1024.jpg\" alt=\"\" class=\"wp-image-2673\" srcset=\"https:\/\/dkollektiv.org\/wp-content\/uploads\/2025\/11\/Archipel_Flyer_A5_web_pages-to-jpg-0002-722x1024.jpg 722w, https:\/\/dkollektiv.org\/wp-content\/uploads\/2025\/11\/Archipel_Flyer_A5_web_pages-to-jpg-0002-212x300.jpg 212w, https:\/\/dkollektiv.org\/wp-content\/uploads\/2025\/11\/Archipel_Flyer_A5_web_pages-to-jpg-0002-768x1089.jpg 768w, https:\/\/dkollektiv.org\/wp-content\/uploads\/2025\/11\/Archipel_Flyer_A5_web_pages-to-jpg-0002.jpg 875w\" sizes=\"auto, (max-width: 722px) 100vw, 722px\" \/><\/figure>\n\n\n\n<figure class=\"wp-block-image size-large\"><img loading=\"lazy\" decoding=\"async\" width=\"722\" height=\"1024\" src=\"https:\/\/dkollektiv.org\/wp-content\/uploads\/2025\/11\/Archipel_Flyer_A5_web_pages-to-jpg-0003-722x1024.jpg\" alt=\"\" class=\"wp-image-2674\" srcset=\"https:\/\/dkollektiv.org\/wp-content\/uploads\/2025\/11\/Archipel_Flyer_A5_web_pages-to-jpg-0003-722x1024.jpg 722w, https:\/\/dkollektiv.org\/wp-content\/uploads\/2025\/11\/Archipel_Flyer_A5_web_pages-to-jpg-0003-212x300.jpg 212w, https:\/\/dkollektiv.org\/wp-content\/uploads\/2025\/11\/Archipel_Flyer_A5_web_pages-to-jpg-0003-768x1089.jpg 768w, https:\/\/dkollektiv.org\/wp-content\/uploads\/2025\/11\/Archipel_Flyer_A5_web_pages-to-jpg-0003.jpg 875w\" sizes=\"auto, (max-width: 722px) 100vw, 722px\" \/><\/figure>\n\n\n\n<figure class=\"wp-block-image size-large\"><img loading=\"lazy\" decoding=\"async\" width=\"722\" height=\"1024\" src=\"https:\/\/dkollektiv.org\/wp-content\/uploads\/2025\/11\/Archipel_Flyer_A5_web_pages-to-jpg-0004-722x1024.jpg\" alt=\"\" class=\"wp-image-2675\" srcset=\"https:\/\/dkollektiv.org\/wp-content\/uploads\/2025\/11\/Archipel_Flyer_A5_web_pages-to-jpg-0004-722x1024.jpg 722w, https:\/\/dkollektiv.org\/wp-content\/uploads\/2025\/11\/Archipel_Flyer_A5_web_pages-to-jpg-0004-212x300.jpg 212w, https:\/\/dkollektiv.org\/wp-content\/uploads\/2025\/11\/Archipel_Flyer_A5_web_pages-to-jpg-0004-768x1089.jpg 768w, https:\/\/dkollektiv.org\/wp-content\/uploads\/2025\/11\/Archipel_Flyer_A5_web_pages-to-jpg-0004.jpg 875w\" sizes=\"auto, (max-width: 722px) 100vw, 722px\" \/><\/figure>\n\n\n\n<p>Comment transformer un lieu tr\u00e8s min\u00e9ralis\u00e9 en un espace de bien-\u00eatre partag\u00e9 ? Une invitation \u00e0 penser collectivement une ville plus r\u00e9siliente et inclusive.<\/p>\n\n\n\n<p>Entr\u00e9e libre \u2013 tout public bienvenu<\/p>\n\n\n\n<hr class=\"wp-block-separator has-text-color has-black-color has-css-opacity has-black-background-color has-background\"\/>\n\n\n\n<p><strong>NOS ACTIONS<\/strong><\/p>\n\n\n\n<figure class=\"wp-block-image size-large\"><img loading=\"lazy\" decoding=\"async\" width=\"1024\" height=\"683\" src=\"https:\/\/dkollektiv.org\/wp-content\/uploads\/2024\/11\/SD24-1024x683.jpg\" alt=\"\" class=\"wp-image-2621\" srcset=\"https:\/\/dkollektiv.org\/wp-content\/uploads\/2024\/11\/SD24-1024x683.jpg 1024w, https:\/\/dkollektiv.org\/wp-content\/uploads\/2024\/11\/SD24-300x200.jpg 300w, https:\/\/dkollektiv.org\/wp-content\/uploads\/2024\/11\/SD24-768x512.jpg 768w, https:\/\/dkollektiv.org\/wp-content\/uploads\/2024\/11\/SD24-1536x1024.jpg 1536w, https:\/\/dkollektiv.org\/wp-content\/uploads\/2024\/11\/SD24.jpg 1800w\" sizes=\"auto, (max-width: 1024px) 100vw, 1024px\" \/><\/figure>\n\n\n\n<p>Les \u00e9v\u00e8nements du DKollektiv sont organis\u00e9s selon diff\u00e9rentes formules.<\/p>\n\n\n\n<p>Jettez un coup d&rsquo;oeuil sur le site <a href=\"http:\/\/www.vewa.lu\" data-type=\"link\" data-id=\"www.vewa.lu\">VEWA.lu<\/a> pour les \u00e9v\u00e8nments actuels de tous les partenaires et sur les <strong><a href=\"https:\/\/www.facebook.com\/Dkollektivatelier\/events\" data-type=\"link\" data-id=\"https:\/\/www.facebook.com\/Dkollektivatelier\/events\">\u00e9v\u00e8nements facebook<\/a><\/strong> du DKollektiv.<\/p>\n\n\n\n<hr class=\"wp-block-separator has-text-color has-black-color has-css-opacity has-black-background-color has-background\"\/>\n\n\n\n<p><strong>Voici les cat\u00e9gories de nos actions :<\/strong><\/p>\n\n\n\n<p><\/p>\n\n\n\n<h2 class=\"wp-block-heading\"><a href=\"https:\/\/dkollektiv.org\/dkollage\/ateliers-participatifs\/\"><strong>Les ateliers participatifs r\u00e9guliers<\/strong><\/a><\/h2>\n\n\n\n<p><\/p>\n\n\n\n<h2 class=\"wp-block-heading\"><a href=\"https:\/\/dkollektiv.org\/dkollage\/ateliers-workshops\/\"><strong>Les ateliers sp\u00e9cifiques (workshops)<\/strong><\/a><\/h2>\n\n\n\n<p><\/p>\n\n\n\n<hr class=\"wp-block-separator has-text-color has-black-color has-css-opacity has-black-background-color has-background\"\/>\n\n\n\n<h2 class=\"wp-block-heading\"><a href=\"https:\/\/dkollektiv.org\/dkollage\/actions\/op-e-patt\/\"><strong>Les \u00e9v\u00e8nements th\u00e9matiques<\/strong> : \u00ab <strong>Op e Patt mam &#8230;<\/strong> \u00bb<\/a><\/h2>\n\n\n\n<p><\/p>\n\n\n\n<hr class=\"wp-block-separator has-text-color has-black-color has-css-opacity has-black-background-color has-background\"\/>\n\n\n\n<h2 class=\"wp-block-heading\"><a href=\"https:\/\/dkollektiv.org\/dkollage\/jam-sessions-experimentales\/\"><strong>Jam-sessions<\/strong> <strong>exp\u00e9rimentales<\/strong><\/a><\/h2>\n\n\n\n<p><\/p>\n\n\n\n<hr class=\"wp-block-separator has-text-color has-black-color has-css-opacity has-black-background-color has-background\"\/>\n\n\n\n<h2 class=\"wp-block-heading\"><a href=\"https:\/\/dkollektiv.org\/dkollage\/alertes\/\"><strong>Les<\/strong> <strong>alertes<\/strong> &#8230; !<\/a><\/h2>\n\n\n\n<p><\/p>\n\n\n\n<hr class=\"wp-block-separator has-text-color has-black-color has-css-opacity has-black-background-color has-background\"\/>\n\n\n\n<h2 class=\"wp-block-heading\"><strong><a href=\"https:\/\/dkollektiv.org\/dkollage\/appels-a-projets-creatifs\/\" data-type=\"page\" data-id=\"2545\">Les appels \u00e0 projets cr\u00e9atifs<\/a><\/strong><\/h2>\n\n\n\n<p><\/p>\n\n\n\n<hr class=\"wp-block-separator has-text-color has-black-color has-css-opacity has-black-background-color has-background\"\/>\n","protected":false},"excerpt":{"rendered":"<p>Comment transformer un lieu tr\u00e8s min\u00e9ralis\u00e9 en un espace de bien-\u00eatre partag\u00e9 ? Une invitation \u00e0 penser collectivement une ville plus r\u00e9siliente et inclusive. Entr\u00e9e libre \u2013 tout public bienvenu NOS ACTIONS Les \u00e9v\u00e8nements du DKollektiv sont organis\u00e9s selon diff\u00e9rentes formules. Jettez un coup d&rsquo;oeuil sur le site VEWA.lu pour les \u00e9v\u00e8nments actuels de tous &#8230;<\/p>\n","protected":false},"author":9,"featured_media":0,"parent":0,"menu_order":0,"comment_status":"closed","ping_status":"closed","template":"templates\/fullwidth.php","meta":{"footnotes":""},"class_list":["post-2146","page","type-page","status-publish","hentry"],"_links":{"self":[{"href":"https:\/\/dkollektiv.org\/dkollage\/wp-json\/wp\/v2\/pages\/2146","targetHints":{"allow":["GET"]}}],"collection":[{"href":"https:\/\/dkollektiv.org\/dkollage\/wp-json\/wp\/v2\/pages"}],"about":[{"href":"https:\/\/dkollektiv.org\/dkollage\/wp-json\/wp\/v2\/types\/page"}],"author":[{"embeddable":true,"href":"https:\/\/dkollektiv.org\/dkollage\/wp-json\/wp\/v2\/users\/9"}],"replies":[{"embeddable":true,"href":"https:\/\/dkollektiv.org\/dkollage\/wp-json\/wp\/v2\/comments?post=2146"}],"version-history":[{"count":55,"href":"https:\/\/dkollektiv.org\/dkollage\/wp-json\/wp\/v2\/pages\/2146\/revisions"}],"predecessor-version":[{"id":2678,"href":"https:\/\/dkollektiv.org\/dkollage\/wp-json\/wp\/v2\/pages\/2146\/revisions\/2678"}],"wp:attachment":[{"href":"https:\/\/dkollektiv.org\/dkollage\/wp-json\/wp\/v2\/media?parent=2146"}],"curies":[{"name":"wp","href":"https:\/\/api.w.org\/{rel}","templated":true}]}}