{"id":2545,"date":"2023-12-06T16:31:20","date_gmt":"2023-12-06T15:31:20","guid":{"rendered":"https:\/\/dkollektiv.org\/dkollage\/?page_id=2545"},"modified":"2024-04-13T13:18:47","modified_gmt":"2024-04-13T11:18:47","slug":"appels-a-projets-creatifs","status":"publish","type":"page","link":"https:\/\/dkollektiv.org\/dkollage\/appels-a-projets-creatifs\/","title":{"rendered":"Appels \u00e0 projets cr\u00e9atifs"},"content":{"rendered":"\n<p><strong>Nouvel appel \u00e0 projets !<\/strong><\/p>\n\n\n\n<figure class=\"wp-block-image size-full\"><img loading=\"lazy\" decoding=\"async\" width=\"688\" height=\"917\" src=\"https:\/\/dkollektiv.org\/wp-content\/uploads\/2024\/04\/sols.jpg\" alt=\"\" class=\"wp-image-2596\" srcset=\"https:\/\/dkollektiv.org\/wp-content\/uploads\/2024\/04\/sols.jpg 688w, https:\/\/dkollektiv.org\/wp-content\/uploads\/2024\/04\/sols-225x300.jpg 225w\" sizes=\"auto, (max-width: 688px) 100vw, 688px\" \/><\/figure>\n\n\n\n<p>D\u00e9couvrez la communaut\u00e9 du DKollektiv et les espaces de cr\u00e9ation.<\/p>\n\n\n\n<p>Si notre nouvelle th\u00e9matique \u00ab sols et sous-sols \u00bb vous inspire, vous trouverez les ressources et l&rsquo;espace qu&rsquo;il vous faut pour cr\u00e9er une oeuvre d&rsquo;art originale !<\/p>\n\n\n\n<p>L&rsquo;exposition et les performances auront lieu la premi\u00e8re semaine d&rsquo;octobre.<\/p>\n\n\n\n<p><strong>Description<\/strong><\/p>\n\n\n\n<p>Suite aux exp\u00e9riences fructueuses de la premi\u00e8re saison \u00ab cicatrice urbaine \u00bb, le DKollektiv invite \u00e0 nouveau \u00e0 la cr\u00e9ation.<\/p>\n\n\n\n<p>La th\u00e9matique des sols et sous-sols offre l&rsquo;occasion \u00e0 de nouvelles recherches en lien avec l&rsquo;histoire et le devenir du site de l&rsquo;industrie sid\u00e9rurique.<\/p>\n\n\n\n<p>En s&rsquo;\u00e9loignant du centre de l&rsquo;industrie et en entrant en contact avec la terre, il devient possible de rendre visible des traces d&rsquo;un pass\u00e9 souvent lointain et de vivre la transformation qui a lieu dans ces alentours.<\/p>\n\n\n\n<p>La r\u00e9gion transfrontali\u00e8re Minette, le site post-industriel et ses sous-sols et la r\u00e9serve naturelle Haard sont des espaces o\u00f9 la nature se manifeste \u00e0 travers le changement.<\/p>\n\n\n\n<p>Avis aux artistes, penseurs et r\u00eaveurs pour \u00e9tablir un lien avec ces sols et territoires, temoins des transitions.<\/p>\n\n\n\n<p><\/p>\n\n\n\n<hr class=\"wp-block-separator has-text-color has-black-color has-css-opacity has-black-background-color has-background\"\/>\n\n\n\n<p>Merci aux participants de la premi\u00e8re saison culturelle au wagonnage : <a href=\"https:\/\/dkollektiv.org\/dkollage\/cicatrice-urbaine\/\" data-type=\"page\" data-id=\"2325\"><strong>CICATRICE URBAINE<\/strong><\/a><\/p>\n\n\n\n<figure class=\"wp-block-embed is-type-video is-provider-youtube wp-block-embed-youtube wp-embed-aspect-16-9 wp-has-aspect-ratio\"><div class=\"wp-block-embed__wrapper\">\n<iframe loading=\"lazy\" title=\"Cicatrice urbaine\" width=\"474\" height=\"267\" src=\"https:\/\/www.youtube.com\/embed\/8YiruMDkoCk?feature=oembed\" frameborder=\"0\" allow=\"accelerometer; autoplay; clipboard-write; encrypted-media; gyroscope; picture-in-picture; web-share\" referrerpolicy=\"strict-origin-when-cross-origin\" allowfullscreen><\/iframe>\n<\/div><\/figure>\n","protected":false},"excerpt":{"rendered":"<p>Nouvel appel \u00e0 projets ! D\u00e9couvrez la communaut\u00e9 du DKollektiv et les espaces de cr\u00e9ation. Si notre nouvelle th\u00e9matique \u00ab sols et sous-sols \u00bb vous inspire, vous trouverez les ressources et l&rsquo;espace qu&rsquo;il vous faut pour cr\u00e9er une oeuvre d&rsquo;art originale ! L&rsquo;exposition et les performances auront lieu la premi\u00e8re semaine d&rsquo;octobre. Description Suite aux &#8230;<\/p>\n","protected":false},"author":2,"featured_media":0,"parent":0,"menu_order":0,"comment_status":"closed","ping_status":"closed","template":"","meta":{"footnotes":""},"class_list":["post-2545","page","type-page","status-publish","hentry"],"_links":{"self":[{"href":"https:\/\/dkollektiv.org\/dkollage\/wp-json\/wp\/v2\/pages\/2545","targetHints":{"allow":["GET"]}}],"collection":[{"href":"https:\/\/dkollektiv.org\/dkollage\/wp-json\/wp\/v2\/pages"}],"about":[{"href":"https:\/\/dkollektiv.org\/dkollage\/wp-json\/wp\/v2\/types\/page"}],"author":[{"embeddable":true,"href":"https:\/\/dkollektiv.org\/dkollage\/wp-json\/wp\/v2\/users\/2"}],"replies":[{"embeddable":true,"href":"https:\/\/dkollektiv.org\/dkollage\/wp-json\/wp\/v2\/comments?post=2545"}],"version-history":[{"count":7,"href":"https:\/\/dkollektiv.org\/dkollage\/wp-json\/wp\/v2\/pages\/2545\/revisions"}],"predecessor-version":[{"id":2597,"href":"https:\/\/dkollektiv.org\/dkollage\/wp-json\/wp\/v2\/pages\/2545\/revisions\/2597"}],"wp:attachment":[{"href":"https:\/\/dkollektiv.org\/dkollage\/wp-json\/wp\/v2\/media?parent=2545"}],"curies":[{"name":"wp","href":"https:\/\/api.w.org\/{rel}","templated":true}]}}

Appels à projets créatifs

<p><strong>Nouvel appel à projets !</strong></p>



<figure class="wp-block-image size-full"><img loading="lazy" decoding="async" width="688" height="917" src="https://dkollektiv.org/wp-content/uploads/2024/04/sols.jpg" alt="" class="wp-image-2596" srcset="https://dkollektiv.org/wp-content/uploads/2024/04/sols.jpg 688w, https://dkollektiv.org/wp-content/uploads/2024/04/sols-225x300.jpg 225w" sizes="auto, (max-width: 688px) 100vw, 688px" /></figure>



<p>Découvrez la communauté du DKollektiv et les espaces de création.</p>



<p>Si notre nouvelle thématique « sols et sous-sols » vous inspire, vous trouverez les ressources et l&rsquo;espace qu&rsquo;il vous faut pour créer une oeuvre d&rsquo;art originale !</p>



<p>L&rsquo;exposition et les performances auront lieu la première semaine d&rsquo;octobre.</p>



<p><strong>Description</strong></p>



<p>Suite aux expériences fructueuses de la première saison « cicatrice urbaine », le DKollektiv invite à nouveau à la création.</p>



<p>La thématique des sols et sous-sols offre l&rsquo;occasion à de nouvelles recherches en lien avec l&rsquo;histoire et le devenir du site de l&rsquo;industrie sidérurique.</p>



<p>En s&rsquo;éloignant du centre de l&rsquo;industrie et en entrant en contact avec la terre, il devient possible de rendre visible des traces d&rsquo;un passé souvent lointain et de vivre la transformation qui a lieu dans ces alentours.</p>



<p>La région transfrontalière Minette, le site post-industriel et ses sous-sols et la réserve naturelle Haard sont des espaces où la nature se manifeste à travers le changement.</p>



<p>Avis aux artistes, penseurs et rêveurs pour établir un lien avec ces sols et territoires, temoins des transitions.</p>



<p></p>



<hr class="wp-block-separator has-text-color has-black-color has-css-opacity has-black-background-color has-background"/>



<p>Merci aux participants de la première saison culturelle au wagonnage : <a href="https://dkollektiv.org/dkollage/cicatrice-urbaine/" data-type="page" data-id="2325"><strong>CICATRICE URBAINE</strong></a></p>



<figure class="wp-block-embed is-type-video is-provider-youtube wp-block-embed-youtube wp-embed-aspect-16-9 wp-has-aspect-ratio"><div class="wp-block-embed__wrapper">
<iframe loading="lazy" title="Cicatrice urbaine" width="474" height="267" src="https://www.youtube.com/embed/8YiruMDkoCk?feature=oembed" frameborder="0" allow="accelerometer; autoplay; clipboard-write; encrypted-media; gyroscope; picture-in-picture; web-share" referrerpolicy="strict-origin-when-cross-origin" allowfullscreen></iframe>
</div></figure>

<p>Nouvel appel à projets ! Découvrez la communauté du DKollektiv et les espaces de création. Si notre nouvelle thématique « sols et sous-sols » vous inspire, vous trouverez les ressources et l&rsquo;espace qu&rsquo;il vous faut pour créer une oeuvre d&rsquo;art originale ! L&rsquo;exposition et les performances auront lieu la première semaine d&rsquo;octobre. Description Suite aux &#8230;</p>
