{"id":272,"date":"2017-05-07T19:49:34","date_gmt":"2017-05-07T18:49:34","guid":{"rendered":"http:\/\/dkollektiv.organicdesignlabs.comanicdesignlabs.com\/?page_id=272"},"modified":"2023-11-18T13:38:55","modified_gmt":"2023-11-18T12:38:55","slug":"philosophie","status":"publish","type":"page","link":"https:\/\/dkollektiv.org\/dkollage\/philosophie\/","title":{"rendered":"A propos"},"content":{"rendered":"<div class=\"one_half\">\n<p><figure id=\"attachment_1074\" aria-describedby=\"caption-attachment-1074\" style=\"width: 474px\" class=\"wp-caption alignleft\"><img loading=\"lazy\" decoding=\"async\" class=\"wp-image-1074 size-large\" src=\"https:\/\/dkollektiv.org\/wp-content\/uploads\/2020\/04\/alerte-1024x768.jpeg\" alt=\"\" width=\"474\" height=\"356\" srcset=\"https:\/\/dkollektiv.org\/wp-content\/uploads\/2020\/04\/alerte-1024x768.jpeg 1024w, https:\/\/dkollektiv.org\/wp-content\/uploads\/2020\/04\/alerte-300x225.jpeg 300w, https:\/\/dkollektiv.org\/wp-content\/uploads\/2020\/04\/alerte-768x576.jpeg 768w\" sizes=\"auto, (max-width: 474px) 100vw, 474px\" \/><figcaption id=\"caption-attachment-1074\" class=\"wp-caption-text\">Alerte gourmande 2019. Photo: Romain Girtgen<\/figcaption><\/figure><\/p>\n<p><\/p><\/div>\n<div class=\"one_half_last_clear\"><\/div>\n<p><span style=\"font-weight: 400;\">L\u2019atelier D est un projet initi\u00e9 par le DKollektiv. Le collectif s\u2019est install\u00e9 sur les friches industrielles de Dudelange afin de cr\u00e9er un espace de cr\u00e9ation en rapport au lieu, \u00e0 son histoire et \u00e0 son <\/span><span style=\"font-weight: 400;\">evolution constante<\/span><span style=\"font-weight: 400;\">.<\/span><\/p>\n<p><span style=\"font-weight: 400;\">Le projet a d\u00e9but\u00e9 en 2016 durant la biennale de la culture industrielle et de l\u2019innovation. Durant un mois, le DKollektiv s\u2019est install\u00e9 dans l\u2019ancien atelier de locomotive sur le site du laminoir et a invit\u00e9 des artistes, des architectes, des designers, des historiens et des citoyens \u00e0 penser, \u00e0 cr\u00e9er et \u00e0 discuter sur le th\u00e8me de l\u2019industrie avec son pass\u00e9 et son futur.<\/span><\/p>\n<p><span style=\"font-weight: 400;\">Le contexte du site de l\u2019usine est un canevas id\u00e9al pour d\u00e9velopper des projets artistiques qui soul\u00e8vent des questions soci\u00e9tales et environnementales. Les projets sont \u00e0 la fois nourris par les vestiges du pass\u00e9 mais l\u2019\u00e9tat de friche actuel permet encore de tout (r\u00e9)inventer.<\/span><\/p>\n<p><span style=\"font-weight: 400;\">Depuis 2017, l\u2019atelier D est install\u00e9 dans le Hall Fondouq \u00e0 Dudelange. Le hall, d\u2019une surface de 3500 m2, est utilis\u00e9 en cohabitation avec la Ville de Dudelange, qui y programme certains \u00e9v\u00e9nements de grande envergure. Environ la moiti\u00e9 est \u00e0 disposition permanente par le DKollektiv en tant que atelier et stockage de mat\u00e9riel, le reste de la surface sert \u00e0 des montages temporaires ou accueillir du public lors d\u2019\u00e9v\u00e9nements de toute sorte.<\/span><\/p>\n<p><span style=\"font-weight: 400;\">Divers workshops, des ateliers de construction, de travail du fer, de menuiserie, de photographie et de film analogique y furent r\u00e9alis\u00e9s. Des espaces plus philosophiques ont \u00e9galement \u00e9t\u00e9 parcourus : les questions soci\u00e9tales, l\u2019architecture ou la cr\u00e9ation performative, sonore et musicale, inspir\u00e9e de l\u2019ambiance postindustrielle, de l\u2019espace et de ses potentialit\u00e9s.<\/span><\/p>\n<p><span style=\"font-weight: 400;\">Plusieurs rendez-vous ont depuis attir\u00e9 un public d&rsquo;habitu\u00e9s : les jam sessions exp\u00e9riementales, organis\u00e9es pendant les mois d\u2019\u00e9t\u00e9, qui proposent un terrain d\u2019exploration \u00e0 des musiciens de toute g\u00e9n\u00e9ration ; les \u00e9v\u00e8nements <span class=\"ILfuVd\" lang=\"de\"><span class=\"hgKElc\">\u00ab Op e <\/span><\/span>Patt <span class=\"ILfuVd\" lang=\"de\"><span class=\"hgKElc\">\u00bb, <\/span><\/span>table-rondes sur des th\u00e8mes divers en relation avec l\u2019art, le patrimoine industriel, l\u2019environnement ou la soci\u00e9t\u00e9 ; et les <span class=\"ILfuVd\" lang=\"de\"><span class=\"hgKElc\">\u00ab<\/span><\/span> Alertes <span class=\"ILfuVd\" lang=\"de\"><span class=\"hgKElc\">\u00bb<\/span><\/span>, \u00e9v\u00e9nements hybrides et festifs, cl\u00f4turant les saisons.\u00a0<\/span><\/p>\n<p><span style=\"font-weight: 400;\">A c\u00f4t\u00e9 des manifestations r\u00e9currentes, l\u2019atelier D a aussi accueilli de nombreux \u00e9v\u00e9nements \u00e9ph\u00e9m\u00e8res, expositions, concerts, performances, lectures, conf\u00e9rences, projection de films, open screens et autres.<\/span><\/p>\n<p><span style=\"font-weight: 400;\">Finalement, l\u2019atelier D reste avant tout un lieu de travail et d\u2019exp\u00e9rimentation pour les membres du DKollektiv ainsi que des artistes externes <\/span><span style=\"font-weight: 400;\">invit\u00e9s ou <\/span><span style=\"font-weight: 400;\">en r\u00e9sidence.<\/span><\/p>\n<p><span style=\"font-weight: 400;\">Le DKollektiv a ainsi pu s\u2019investir dans de nombreux projets, en collaboration avec des \u00e9coles, lyc\u00e9es et les collectivit\u00e9s locales, mais a aussi pu contribuer \u00e0 des \u00e9v\u00e9nements r\u00e9gionaux tels que la Fete des Hauts-Fourneaux, la Nuit de la Culture parmis d&rsquo;autres.<\/span><\/p>\n<p><span style=\"font-weight: 400;\">Dans le cadre de la construction du nouveau quartier Neischmelz sur l\u2019ensemble du site de l\u2019ancienne usine, le Hall Fondouq, sera, \u00e0 moyen terme, vou\u00e9 \u00e0 la d\u00e9molition.\u00a0<\/span><\/p>\n<p><span style=\"font-weight: 400;\">Pour p\u00e9renniser l\u2019implantation du DKollektiv au sein du nouveau quartier d&rsquo;habitation, le projet DKollage a donn\u00e9 lieu au d\u00e9m\u00e9nagement des ateliers vers un autre b\u00e2timent, dans le cadre de Esch 22 capitale de la culture et avec le soutien de l&rsquo;Oeuvre nationale de secours Grand-Duchesse Charlotte.<br \/>\n<\/span><\/p>\n<p><span style=\"font-weight: 400;\">Ce d\u00e9m\u00e9nagement donnera lieu \u00e0 une r\u00e9novation participative du b\u00e2timent Vestiaires-Wagonnage, qui pourra servir de pied \u00e0 terre durable au DKollektiv et \u00e0 d\u2019autres initiatives tout en restant lui-m\u00eame un objet en oeuvre : un lieu entre transformation et r\u00e9novation, infini ou non-fini, ind\u00e9fini, toujours \u00e0 finir et jamais termin\u00e9, d\u00e9bordant les bords et les limites qui entraine des synergies, des apprentissages et une circulation d\u2019id\u00e9es.<\/span><\/p>\n<p><span style=\"font-weight: 400;\"><strong>DKollektiv<\/strong> a.s.b.l.<\/span><\/p>\n<p><span style=\"font-weight: 400;\"><strong>Membres fondateurs en 2016 :<\/strong> Justine Blau, Misch Feinen, Marl\u00e8ne Kreins, Nora Wagner<\/span><\/p>\n<p><strong>Anciens membres de comit\u00e9<\/strong> : Yann M\u00fcller, Thomas Steinmann, Birgit Thalau, Claire Thill, Pierre Zeytoune<\/p>\n<p><span style=\"font-weight: 400;\"><strong>Conseil d&rsquo;administration :<\/strong> <\/span><span style=\"font-weight: 400;\">Serge Ecker (pr\u00e9sident), Misch Feinen, Nicolas Graf, Eric Marx, Camille Reiter (secr\u00e9taire), Erwin Reiter (tr\u00e9sorier)<\/span><\/p>\n","protected":false},"excerpt":{"rendered":"<p>L\u2019atelier D est un projet initi\u00e9 par le DKollektiv. Le collectif s\u2019est install\u00e9 sur les friches industrielles de Dudelange afin de cr\u00e9er un espace de cr\u00e9ation en rapport au lieu, \u00e0 son histoire et \u00e0 son evolution constante. Le projet a d\u00e9but\u00e9 en 2016 durant la biennale de la culture industrielle et de l\u2019innovation. Durant &#8230;<\/p>\n","protected":false},"author":2,"featured_media":0,"parent":0,"menu_order":0,"comment_status":"closed","ping_status":"closed","template":"templates\/fullwidth.php","meta":{"footnotes":""},"class_list":["post-272","page","type-page","status-publish","hentry"],"_links":{"self":[{"href":"https:\/\/dkollektiv.org\/dkollage\/wp-json\/wp\/v2\/pages\/272","targetHints":{"allow":["GET"]}}],"collection":[{"href":"https:\/\/dkollektiv.org\/dkollage\/wp-json\/wp\/v2\/pages"}],"about":[{"href":"https:\/\/dkollektiv.org\/dkollage\/wp-json\/wp\/v2\/types\/page"}],"author":[{"embeddable":true,"href":"https:\/\/dkollektiv.org\/dkollage\/wp-json\/wp\/v2\/users\/2"}],"replies":[{"embeddable":true,"href":"https:\/\/dkollektiv.org\/dkollage\/wp-json\/wp\/v2\/comments?post=272"}],"version-history":[{"count":32,"href":"https:\/\/dkollektiv.org\/dkollage\/wp-json\/wp\/v2\/pages\/272\/revisions"}],"predecessor-version":[{"id":2436,"href":"https:\/\/dkollektiv.org\/dkollage\/wp-json\/wp\/v2\/pages\/272\/revisions\/2436"}],"wp:attachment":[{"href":"https:\/\/dkollektiv.org\/dkollage\/wp-json\/wp\/v2\/media?parent=272"}],"curies":[{"name":"wp","href":"https:\/\/api.w.org\/{rel}","templated":true}]}}